{"id":2,"date":"2010-11-05T20:24:17","date_gmt":"2010-11-05T20:24:17","guid":{"rendered":"http:\/\/www.tiflobebe.net\/programaraciegas\/blog\/?page_id=2"},"modified":"2018-10-06T21:08:57","modified_gmt":"2018-10-06T20:08:57","slug":"acerca-de","status":"publish","type":"page","link":"https:\/\/programaraciegas.net\/?page_id=2","title":{"rendered":"Acerca del sitio"},"content":{"rendered":"<p>Esta p\u00e1gina pretende ser un portal de divulgaci\u00f3n de informaci\u00f3n sobre experiencias, necesidades y conocimientos sobre accesibilidad, usabilidad, dise\u00f1o para todos y nuevas tecnolog\u00edas.<\/p>\n<p>Todos los perfiles de discapacidad y todas las tecnolog\u00edas confluyen aqu\u00ed para aportar conocimientos, experiencias y soluciones tecnol\u00f3gicas y experiencias para los usuarios con necesidades especiales y para los desarrolladores que quieren implementar dichas soluciones.<\/p>\n<p>No hay que olvidar el caracter personal de este portal. Este punto de comunicaci\u00f3n permite publicar los desarrollos, proyectos e iniciativas en los que participan los colaboradores de este proyecto.<\/p>\n<h2>Colaboradores<\/h2>\n<p>En este proyecto pueden participar todas aquellas personas que crean y quieran poder aportar algo para conseguir una realidad donde la filosof\u00eda del dise\u00f1o para todos est\u00e9 presente en todos los aspectos de la vida.<br \/>\nSi quieres colaborar con el proyecto ponte en contacto con el autor de este portal en la p&aacute;gina de <a href=\"http:\/\/www.programaraciegas.net\/?page_id=157\">contacta con nosotros<\/a><\/p>\n","protected":false},"excerpt":{"rendered":"<p>Esta p\u00e1gina pretende ser un portal de divulgaci\u00f3n de informaci\u00f3n sobre experiencias, necesidades y conocimientos sobre accesibilidad, usabilidad, dise\u00f1o para todos y nuevas tecnolog\u00edas. Todos los perfiles de discapacidad y todas las tecnolog\u00edas confluyen aqu\u00ed para aportar conocimientos, experiencias y soluciones tecnol\u00f3gicas y experiencias para los usuarios con necesidades especiales y para los desarrolladores que &hellip; <\/p>\n<p class=\"link-more\"><a href=\"https:\/\/programaraciegas.net\/?page_id=2\" class=\"more-link\">Continuar leyendo<span class=\"screen-reader-text\"> \u00abAcerca del sitio\u00bb<\/span><\/a><\/p>\n","protected":false},"author":1,"featured_media":0,"parent":0,"menu_order":1,"comment_status":"closed","ping_status":"closed","template":"","meta":{"footnotes":""},"class_list":["post-2","page","type-page","status-publish","hentry"],"_links":{"self":[{"href":"https:\/\/programaraciegas.net\/index.php?rest_route=\/wp\/v2\/pages\/2","targetHints":{"allow":["GET"]}}],"collection":[{"href":"https:\/\/programaraciegas.net\/index.php?rest_route=\/wp\/v2\/pages"}],"about":[{"href":"https:\/\/programaraciegas.net\/index.php?rest_route=\/wp\/v2\/types\/page"}],"author":[{"embeddable":true,"href":"https:\/\/programaraciegas.net\/index.php?rest_route=\/wp\/v2\/users\/1"}],"replies":[{"embeddable":true,"href":"https:\/\/programaraciegas.net\/index.php?rest_route=%2Fwp%2Fv2%2Fcomments&post=2"}],"version-history":[{"count":0,"href":"https:\/\/programaraciegas.net\/index.php?rest_route=\/wp\/v2\/pages\/2\/revisions"}],"wp:attachment":[{"href":"https:\/\/programaraciegas.net\/index.php?rest_route=%2Fwp%2Fv2%2Fmedia&parent=2"}],"curies":[{"name":"wp","href":"https:\/\/api.w.org\/{rel}","templated":true}]}}